Let z(b) = b**2 + 5*b - 2. Give z(p).
4
Let x(o) be the third derivative of 7*o**2 + 0 - 1/360*o**6 + 1/120*o**5 + o**3 + 0*o + 1/12*o**4. Let r(u) be the first derivative of x(u). What is r(0)?
2
Let l(s) = 9*s + 10455 - 8*s - 10462. Give l(4).
-3
Let h(w) = 2*w - 3. Let j(n) = -4*n - 31. Let k be j(-7). Let x be h(k). Let a(f) = f**2 + 9*f - 11. What is a(x)?
-11
Let i(b) = -b - 5. Suppose 1297 - 1353 = 8*f. What is i(f)?
2
Suppose -25 = -3*g + 2*v - 0*v, 4*g + 5*v - 64 = 0. Let h = -6 + g. Let i(j) be the second derivative of j**3/6 - 7*j**2/2 - 4*j. Give i(h).
-2
Let z(g) = -g**3 - 6*g**2 - 2*g - 6. Let f be z(-6). Let m(n) be the second derivative of -1/6*n**3 + 1/2*n**4 - 1/20*n**5 + 2*n**2 + 0 + 2*n. Calculate m(f).
-2
Let l(c) = -4*c**2 + 4*c. Let v(j) = -4*j**2 + 3*j. Suppose 4*k + 3 = 23. Let d(h) = k*v(h) - 4*l(h). Give d(-1).
-3
Let k(t) be the first derivative of t**3/3 - 3*t**2 - t + 137. Let a be (-6)/(0 - 3/10). Suppose 0 = 2*f + 2*f - a. Determine k(f).
-6
Let q(j) = 13*j**2 + 4*j - 2. Let k be 1/5 - (-300)/375. Calculate q(k).
15
Let b be 6/(-8) - (0 + 17/4). Let s(x) = x**3 + 6*x**2 + 8*x + 5. Calculate s(b).
-10
Let u(r) be the third derivative of -5*r**4/24 - 15*r**3/2 + 137*r**2. Give u(-10).
5
Let v = 1 + 9. Let x be (5*4/v)/(-2). Let l(r) be the second derivative of -7*r**4/12 - r**3/6 - r**2/2 - 6*r. Give l(x).
-7
Let h(u) = 2*u - 25. Suppose 0 = -16*r + 2*r + 182. Give h(r).
1
Let f(a) be the second derivative of 3*a**2/2 + a. Let y(h) = -h + 1. Let i(n) = f(n) + 3*y(n). Let u = -72 + 78. Give i(u).
-12
Let g(q) = q**2 + 2*q + 3. Let u be g(-2). Let l(x) = u + 5*x**2 - 9*x + 2*x + x + x**3. Suppose 3*d - 5*a = 2, -4*a + 6*a + 68 = -10*d. Calculate l(d).
3
Let c(n) = 72 - 9*n + 66 - 160 + n**2. Let q be c(11). Let k(r) = -5*r - 2*r**2 - 3 + 4*r + r**2. Calculate k(q).
-3
Let s(z) = z**2 - 30*z + 31. Let y be s(29). Let f(g) = -g**3 + 4*g**2 - 4*g - 2. What is f(y)?
-2
Let i(s) = s**3 - 13*s**2 + 16*s - 52. Let f be i(12). Let o(k) = k**2 + 5*k. What is o(f)?
-4
Suppose 0 = j, -j + 4 = p + j. Let k(o) be the third derivative of -o**4/24 + 2*o**3/3 - 2*o**2. Determine k(p).
0
Let n(g) be the third derivative of -g**5/40 + g**4/12 - 2*g**3/3 + 12*g**2. Let z(x) be the first derivative of n(x). What is z(2)?
-4
Let f(a) = 2*a**2 - 2*a - 2. Let l(w) = 3*w**3 + 27*w**2 + w + 12. Let c be l(-9). Calculate f(c).
10
Suppose -2*s - 2*h = -14, 0 = 5*s - h - h. Suppose s*n - 12 = -w - w, -2*n = -8. Let v(b) = b**3 - 2*b**2 - 2*b + 2. Give v(w).
-2
Let j(x) = x**2 - 9*x + 18. Let q be (-12)/(-15)*(29 + -24). What is j(q)?
-2
Let c = 434 + -300. Let s(x) = 4 - c*x - 3 + 133*x + 2. Give s(5).
-2
Let w(y) = -6*y**3 + 0*y**3 + 5*y**3 - 3 - 6*y**2 - 6*y. Let s be w(-5). Let c(v) = v**2 + 6*v**s - 4*v**2 - 1 - 4*v**2 - 6*v. Give c(-4).
7
Let n(r) = -r**3 + 2*r**2 + 2*r + 1. Let p be n(-1). Let f(c) = 0 + p*c + 9 - 11. Suppose 0 = 143*l - 148*l - 15. Give f(l).
-8
Let h(s) = -2*s**2 + 2*s - 2. Let r(d) = -d**2 - 13*d - 7. Let c be r(-12). Suppose 0 = 5*z + c*l - 13 + 3, 0 = -l - 1. Determine h(z).
-14
Let c(u) be the second derivative of -u**3/3 + 2*u**2 - 3*u - 54. Give c(3).
-2
Let y(u) = -u - 3*u + 5*u - 1. Let l = -39 - -39. Suppose l = -4*t + 58 - 50. What is y(t)?
1
Let q(r) = 8*r + 14. Let j(v) = 7*v + 13. Let c(w) = -7*j(w) + 6*q(w). Suppose 0 = n - 5*k + 5 + 6, -5*k - 55 = 5*n. Let t = n - -8. Give c(t).
-4
Let b(j) = -j**2 - 16*j - 19. Let t be b(-14). Let q(r) = 2*r**2 + 6*r + 0 - t*r - 1 + 0*r. Calculate q(3).
8
Let h(o) be the second derivative of o**3/6 + 25*o. What is h(0)?
0
Let k(o) be the third derivative of o**6/120 + o**5/10 - 5*o**4/24 + 2*o**3/3 - 6*o**2. Let f be (-2)/(1/7*2). Determine k(f).
-10
Let q(k) = -183*k**2 + 93*k**2 - 14 - 3*k + k**3 + 13 + 92*k**2. Let x(r) be the third derivative of r**4/24 + r**3/6 + r**2. Let f be x(-4). Determine q(f).
-1
Let k(l) = 9*l**2 + 7*l - 6. Let i(m) = -32*m**2 - 20*m + 20. Let y(u) = 2*i(u) + 7*k(u). Calculate y(9).
-2
Suppose -16*f + 12 = -12*f. Let l(i) = i**2 - 3*i + 2. Give l(f).
2
Let f(t) = 38*t + 9. Let o(c) = -32*c - 8. Let k(u) = 6*f(u) + 7*o(u). Give k(5).
18
Let b(w) = -20*w**3 - 25*w**2 - 17*w + 8. Let g(y) = 7*y**3 + 9*y**2 + 6*y - 3. Let n(f) = 6*b(f) + 17*g(f). Calculate n(3).
-3
Suppose i + 5*d = -6, -18 = 3*i - 13*d + 15*d. Let w(u) = -3*u + 7. Give w(i).
25
Let y(f) = 13 - 5*f + 122 - 47. Let d be y(18). Let z(v) = -v**2 - 4*v - 3. Let x(r) = -r**2 - 4*r - 3. Let c(g) = -3*x(g) + 2*z(g). Give c(d).
-1
Suppose 43 = 8*d - 13. Suppose 3 = 2*v - 3. Let b(t) = -2 + 5*t - v - t - 3*t. Give b(d).
2
Let j(c) = -5*c**2 - c + 1. Let a(b) = 2*b - 2*b**2 + 7*b**2 + b**2 - 1. Let y(d) = 2*a(d) + 3*j(d). Let q = -30 + 29. Give y(q).
-3
Let h(f) = f**2 - 2*f - 6. Let o(p) = 2*p**2 - 4*p + 0 - 11 - p. Let x(g) = -5*h(g) + 3*o(g). Suppose 0 = -k + 5, 2*j = 6*j + k - 25. Determine x(j).
-3
Let c = 34 + -30. Let u(p) = -2*p**2 + 2*p + 1. Calculate u(c).
-23
Suppose 4*r + 150 = 7*r. Suppose 3*t - r = t. Suppose i + 4*i = -t. Let q(j) = -j**3 - 4*j**2 + 5*j - 4. Give q(i).
-4
Let f(a) = 4*a**2 + 0*a - 3*a + a - 11*a**3 - 3 + 12*a**3. Suppose -4*i - 5*g = 0, -7*i - 2*g = -4*i - 7. Suppose 4*l - 3*j = -1, i*j + 11 = 4*l + 2. Give f(l).
5
Suppose 6*f = f + 25. Suppose 3*s - 2*v = -12, -2*s = -v + 4*v - f. Let t(h) = h**3 + 2*h**2 + 4*h + 2. Calculate t(s).
-6
Suppose -4 = -2*f + 4*q, 3*q = -3*f + 4*q + 11. Suppose -2*i + 5*t = 0, 4*i - i = f*t. Let z(k) = -k**3 + k**2 + k - 18. Give z(i).
-18
Let w(o) = o**2 - o - 9. Let i be w(4). Let z(q) = q + q + 2 - i + 0*q. Let f be 2*((-12)/8)/(-1). Determine z(f).
5
Let h(x) = -3*x + 2. Let p(n) = n - 2. Let u be p(0). Let o be 25/(-35)*-7*(1 + u). What is h(o)?
17
Suppose 2*v = 13 - 11. Let n(d) = 6*d - 1. Determine n(v).
5
Let k(v) = -v**3 + 5*v**2 - 1. Suppose 8*n = 10*n. Suppose n = -u - m, -4*u - 3*m + 2 = -0*u. Give k(u).
11
Let i(x) = -2*x + 1. Let y(l) = -10*l + 5. Let j(v) = 3*i(v) - y(v). What is j(-7)?
-30
Let r be (10 - 14)/2*(-21)/6. Let y(k) = 7*k - 15. What is y(r)?
34
Let p be (6 + -6)/(-3 + 1). Suppose -n - 3*d - 10 = p, -4*n + 0*d + 2*d + 16 = 0. Let w(j) = j**3 - j**2 + 3 - 9 + 4*j + 7*j**n. Determine w(-5).
-1
Let j(r) = -r**2 + r - 1. Let c(f) = 5*f**2 + 3*f + 12. Let y(i) = c(i) + 3*j(i). Let k(n) = -8*n**2 - 23*n - 37. Let u(p) = -2*k(p) - 9*y(p). Give u(-5).
-17
Let k(g) be the first derivative of 2*g**3/3 - 9*g**2/2 - g - 252. Give k(4).
-5
Suppose 3*h + 19 = -b, h - 6*b = -7*b - 3. Let l(z) = -z**2 - 10*z - 3. Determine l(h).
13
Let y(b) = -23*b**3 - 18*b**3 - 9*b**2 - 24*b**3 - 3 + b + 66*b**3. What is y(9)?
6
Let b(j) = -1453*j - 8 + 4 + 1457*j - j**2. Suppose -2*p + 0*q - q + 3 = 0, 5*p + 4*q = 0. What is b(p)?
-4
Suppose 0*y - 5*y = 5. Let k(q) = 40*q**3 - 22*q**2 + 4*q + 2. Let a(z) = -20*z**3 + 12*z**2 - 2*z - 1. Let g(j) = -11*a(j) - 6*k(j). What is g(y)?
21
Suppose -7 = -2*m + 5. Let z(u) = 0 - 5011*u + 5012*u - 4 + 1. Give z(m).
3
Let p(f) = 10*f + f**3 + 135*f**2 - 5*f - 129*f**2 + 6. What is p(-6)?
-24
Suppose -2*y = -3*c - 13, -2*c - 2*y - y = 0. Let w(r) be the first derivative of 18 - r + 2*r**2 + 1/3*r**3. Calculate w(c).
-4
Let f(k) = -5*k + 2. Let v be f(2). Let b = 9 + 75. Let z(c) = -85 - b + 176 + c. Give z(v).
-1
Let u(b) = -10*b**2 - 8*b. Let m(x) = -x**2 + 10*x - 9*x - 2*x. Let w(d) = -8*m(d) + u(d). Calculate w(-1).
-2
Let n(i) be the second derivative of i**8/6720 - i**7/1260 - i**6/360 + i**5/120 - i**4 - 17*i. Let t(j) be the third derivative of n(j). Give t(3).
4
Let n(c) = -c + 39. Let i be n(9). Let u(q) = -14*q**2 - 4 + i*q**2 - 15*q**2 + 2*q. Calculate u(-3).
-1
Let k(c) = 15 - 41 - 43 + 15 - 5*c - 29. Determine k(-17).
2
Let r(a) be the second derivative of 7*a**3/6 + a**2/2 - 111*a. Calculate r(4).
29
Let z = 38 + -36. Suppose 5 = a + z. Let p(t) = -3*t + 4. Give p(a).
-5
Let m(j) = -3*j**2 + 5*j + 5. Let v be m(-1). Let q(r) = -r**3 - 2*r**2 + r + 3. What is q(v)?
9
Suppose 3*d - 27 = -18. Let o(a) = -a**2 - 3*a + 2. Determine o(d).
-16
Let l(q) = -6*q**3 - q**2. Suppose 2 = 30*s + 32. Determine l(s).
5
Let a(k) = 5 - 5*k**2 + 6*k - k**2 + k**3 + 2*k**2 - 2*k**2. Let l be 6/2 + 1*3. Let d = l - 1. Calculate a(d).
10
Suppose -4*d + 6 = -n - 1, 0 = -4*n + 2*d + 42. Let a(j) =